e
Is 30 a factor of 83024?
False
Is 246 a factor of 367278?
True
Is 322 a factor of 128478?
True
Is 4 a factor of 16900?
True
Is 42435 a multiple of 12?
False
Is 462 a factor of 13253394?
True
Does 24 divide 170568?
True
Is 281 a factor of 2306729?
True
Does 29 divide 75922?
True
Is 925684 a multiple of 24?
False
Is 1482738 a multiple of 74?
True
Is 20145027 a multiple of 49?
True
Is 21 a factor of 178959?
False
Is 266064 a multiple of 92?
True
Is 14 a factor of 108428?
False
Is 741626 a multiple of 50?
False
Does 89 divide 35441?
False
Is 12342717 a multiple of 449?
False
Is 468209 a multiple of 317?
True
Does 5 divide 39744?
False
Is 40 a factor of 3878200?
True
Is 4300495 a multiple of 29?
False
Is 529 a factor of 472926?
True
Is 434937 a multiple of 108?
False
Does 246 divide 2041882?
False
Is 49 a factor of 104713?
True
Is 560 a factor of 284217?
False
Is 10 a factor of 190360?
True
Is 1543979 a multiple of 10?
False
Is 306955 even?
False
Is 34613 a multiple of 444?
False
Is 673482 a multiple of 23?
False
Is 3 a factor of 159743?
False
Is 1301969 a multiple of 30?
False
Does 317 divide 182909?
True
Is 438781 a multiple of 2?
False
Does 48 divide 4746480?
True
Is 171 a factor of 523773?
True
Is 18 a factor of 2358819?
False
Is 210688 a multiple of 64?
True
Is 233 a factor of 3565249?
False
Does 57 divide 208791?
True
Is 2 a factor of 14322?
True
Does 37 divide 158840?
False
Is 19 a factor of 31870?
False
Is 247 a factor of 5029908?
True
Does 15 divide 295661?
False
Does 46 divide 1005?
False
Does 40 divide 272520?
True
Is 53169 a multiple of 147?
False
Is 330 a factor of 4517908?
False
Is 89865 a multiple of 187?
False
Is 35462 a multiple of 119?
True
Is 464 a factor of 136416?
True
Is 4289643 a multiple of 1744?
False
Is 14 a factor of 27053110?
True
Is 50 a factor of 1335650?
True
Does 461 divide 6291703?
False
Does 713 divide 15050200?
False
Is 27 a factor of 1405090?
False
Is 13951 a multiple of 12?
False
Is 41 a factor of 379414?
True
Does 28 divide 217840?
True
Is 3037700 a multiple of 148?
True
Is 28 a factor of 845002?
False
Is 868931 a multiple of 911?
False
Does 137 divide 2370764?
False
Does 5 divide 14080?
True
Does 14 divide 1104517?
False
Is 222 a factor of 5117988?
True
Does 436 divide 342523?
False
Is 9712625 a multiple of 215?
True
Is 9846245 a multiple of 20?
False
Does 247 divide 496635?
False
Does 81 divide 1064745?
True
Is 13 a factor of 41600?
True
Is 7 a factor of 313962?
False
Does 101 divide 2982328?
True
Does 4 divide 443608?
True
Does 7 divide 38878?
True
Does 6 divide 167683?
False
Does 10 divide 706834?
False
Does 53 divide 400415?
True
Is 175410 a multiple of 30?
True
Is 4083 even?
False
Is 969161 a multiple of 11?
False
Is 164 a factor of 5705068?
True
Is 153657 a multiple of 567?
True
Is 100 a factor of 1129247?
False
Is 218476 a multiple of 46?
False
Does 11 divide 85897?
False
Is 292 a factor of 45296?
False
Is 791747 a multiple of 1069?
False
Does 181 divide 2961304?
False
Is 103 a factor of 4874819?
False
Is 264076 a multiple of 7?
False
Is 1484052 a multiple of 437?
True
Is 211 a factor of 839358?
True
Is 219736 a multiple of 11?
True
Is 40 a factor of 217000?
True
Is 14 a factor of 561288?
True
Does 68 divide 8085404?
True
Is 8 a factor of 322383?
False
Is 2828000 a multiple of 101?
True
Is 184925 a multiple of 6?
False
Does 79 divide 43752?
False
Does 28 divide 735019?
False
Is 12 a factor of 238788?
True
Is 473447 a multiple of 89?
False
Is 503 a factor of 509770?
False
Does 17 divide 4149593?
False
Is 3633644 a multiple of 98?
True
Does 181 divide 2136343?
True
Is 1317 a factor of 13744553?
False
Is 8 a factor of 3907016?
True
Is 10 a factor of 282145?
False
Does 125 divide 200158?
False
Is 2033874 a multiple of 57?
True
Is 48 a factor of 236495?
False
Does 188 divide 322608?
True
Is 102695 a multiple of 2?
False
Is 102 a factor of 210460?
False
Does 3 divide 15069?
True
Is 330 a factor of 196680?
True
Is 57 a factor of 209074?
False
Does 13 divide 146328?
True
Does 15 divide 2734575?
True
Does 33 divide 223543?
False
Is 287853 a multiple of 25?
False
Does 45 divide 2303728?
False
Does 16 divide 512080?
True
Is 4197490 a multiple of 1210?
True
Is 55869 a multiple of 7?
False
Is 9054822 a multiple of 7?
True
Is 16 a factor of 131520?
True
Is 3 a factor of 346746?
True
Is 13 a factor of 192?
False
Is 5635305 a multiple of 5?
True
Is 102 a factor of 55869?
False
Is 70434 a multiple of 117?
True
Is 60 a factor of 134046?
False
Is 11 a factor of 8987?
True
Is 165 a factor of 713130?
True
Does 12 divide 4812823?
False
Is 17698275 a multiple of 16?
False
Is 36 a factor of 634464?
True
Does 904 divide 253120?
True
Is 11 a factor of 8731313?
False
Is 224727 a multiple of 21?
False
Is 174768 a multiple of 24?
True
Does 33 divide 536085?
True
Is 5876 a multiple of 26?
True
Does 62 divide 385268?
True
Is 153 a factor of 64872?
True
Does 32 divide 2135407?
False
Does 162 divide 6810318?
True
Is 2175050 a multiple of 1061?
True
Is 104751 a multiple of 3?
True
Does 327 divide 726594?
True
Is 3 a factor of 32635?
False
Does 29 divide 1036841?
False
Is 18 a factor of 11708946?
True
Is 33 a factor of 387047?
False
Does 45 divide 2533335?
False
Does 1139 divide 182764?
False
Does 356 divide 1194380?
True
Is 4714771 a multiple of 359?
False
Is 1076568 a multiple of 62?
True
Does 24 divide 1618857?
False
Does 11 divide 440321?
False
Is 231067 a multiple of 7?
False
Is 10087807 a multiple of 10?
False
Is 1421 a factor of 9291919?
True
Is 331295 a multiple of 28?
False
Is 45 a factor of 488655?
True
Is 32 a factor of 1245248?
True
Does 203 divide 1321733?
True
Is 1102464 a multiple of 176?
True
Is 3378375 a multiple of 1001?
True
Is 14 a factor of 95452?
True
Does 14 divide 75236?
True
Is 5 a factor of 225200?
True
Is 51790 a multiple of 10?
True
Is 97196 a multiple of 16?
False
Is 17 a factor of 6584117?
True
Is 99 a factor of 237289?
False
Does 37 divide 527169?
False
Is 571028 a multiple of 118?
False
Is 171 a factor of 1560888?
True
Is 975257 a multiple of 181?
False
Is 1049 a factor of 18399767?
False
Does 7 divide 1570312?
False
Does 245 divide 937615?
True
Is 3974939 a multiple of 44?
False
Is 238 a factor of 113526?
True
Is 190 a factor of 4718840?
True
Is 272 a factor of 4871792?
True
Does 208 divide 2882404?
False
Is 197258 a multiple of 218?
False
Does 74 divide 825026?
True
Does 65 divide 9137433?
False
Does 8 divide 504113?
False
Does 1228 divide 6013275?
False
Is 189 a factor of 19467?
True
Is 229 a factor of 343271?
True
Is 39120 a multiple of 10?
True
Is 1634574 a multiple of 58?
False
Is 52 a factor of 1906424?
True
Does 1030 divide 2132100?
True
Is 95618 a multiple of 417?
False
Is 138 a factor of 6543842?
False
Is 26 a factor of 818125?
False
Is 97 a factor of 211763?
False
Is 33 a factor of 1108017?
False
Does 37 divide 6677908?
True
Is 22945574 a multiple of 749?
False
Is 33 a factor of 75537?
True
Is 30816 a multiple of 233?
False
Is 5751 a multiple of 7?
False
Is 843537 a multiple of 317?
True
Is 435402 a multiple of 66?
True
Does 4 divide 42282?
False
Is 293502 a multiple of 532?
False
Does 178 divide 1174978?
True
Is 8 a factor of 39992?
True
Is 26 a factor of 38012?
True
Is 18 a factor of 1313230?
False
Does 4 divide 18620?
True
Does 254 divide 534104?
False
Is 39439 a multiple of 5?
False
Is 12 a factor of 2306880?
True
Is 913328 a multiple of 16?
True
Is 642049 a multiple of 976?
False
Is 45202 a multiple of 71?
False
Is 4625297 a multiple of 349?
True
Does 309 divide 16302862?
False
Is 6 a factor of 1818582?
True
Is 24 a factor of 2266368?
True
Does 30 divide 2418782?
False
Does 52 divide 223096?
False
Is 15015 a multiple of 39?
True
Does 279 divide 279279?
True
Is 302 a factor of 92981?
False
Is 8 a factor of 801406?
False
Is 315973 a multiple of 234?
False
Is 40 a factor of 490360?
True
Is 18 a factor of 3984624?
True
Is 159 a factor of 151597?
False
Is 4 a factor of 105120?
True
Is 1371425 a multiple of 25?
True
Is 1012775 a multiple of 35?
False
Is 723051 a multiple of 7?
True
Is 1424813 a multiple of 15?
False
Is 98 a factor of 52279?
False
Is 10969545 a multiple of 635?
False
Is 290477 a multiple of 11?
True
Is 2000800 a multiple of 160?
True
Is 344250 a multiple of 375?
True
Is 628